{"id":37,"date":"2012-01-22T20:11:36","date_gmt":"2012-01-22T20:11:36","guid":{"rendered":"W lutym 1945 roku Komendant Chor\u0105gwi Harcerzy powo\u0142a\u0142 Hufiec \u0141\u00f3d\u017a-P\u00f3\u0142noc, kt\u00f3ry obejmowa\u0142 dzielnic\u0119 Ba\u0142uty i przyleg\u0142e tereny wchodz\u0105ce w sk\u0142ad dzielnic \u015ar\u00f3dmie\u015bcie i Polesie - od tego momentu zaczyna si\u0119 nasza historia. Pierwszym komendantem Hufca by\u0142 Ma"},"modified":"2019-11-17T12:00:10","modified_gmt":"2019-11-17T11:00:10","slug":"o-hufcu","status":"publish","type":"page","link":"https:\/\/lodzbaluty.zhp.pl\/?page_id=37","title":{"rendered":"O hufcu"},"content":{"rendered":"<p>W lutym 1945 roku Komendant Chor\u0105gwi Harcerzy powo\u0142a\u0142 Hufiec \u0141\u00f3d\u017a-P\u00f3\u0142noc, kt\u00f3ry obejmowa\u0142 dzielnic\u0119 Ba\u0142uty i przyleg\u0142e tereny wchodz\u0105ce w sk\u0142ad dzielnic \u015ar\u00f3dmie\u015bcie i Polesie &#8211; od tego momentu zaczyna si\u0119 nasza historia. Pierwszym komendantem Hufca by\u0142 Marian Pietrzycki, instruktor II \u0141DH-rzy. 25 stycznia 1957 roku zosta\u0142a powo\u0142ana Komenda Hufca \u0141\u00f3d\u017a-Ba\u0142uty.<\/p>\n<p>Obecnie Hufiec ZHP \u0141\u00f3d\u017a-Ba\u0142uty dzia\u0142a na terenie dzielnicy Ba\u0142uty i miasta Aleksandrowa \u0141\u00f3dzkiego. W ramach swojej dzia\u0142alno\u015bci organizuje zbi\u00f3rki dla zuch\u00f3w i harcerzy, imprezy dla gromad i dru\u017cyn, szkolenia kadry, wypoczynek dla dzieci i m\u0142odzie\u017cy.<\/p>\n<p>Kadr\u0119 instruktorsk\u0105 Hufca stanowi\u0105 osoby o r\u00f3\u017cnym wykszta\u0142ceniu, uprawnieniach i umiej\u0119tno\u015bciach. W du\u017cej cz\u0119\u015bci s\u0105 to studenci kierunk\u00f3w pedagogicznych, socjologicznych i ekonomicznych. Nasi instruktorzy systematycznie uczestnicz\u0105 w szkoleniach dotycz\u0105cych wychowania i opieki nad dzie\u0107mi i m\u0142odzie\u017c\u0105, bezpiecze\u0144stwa, organizacji wypoczynku, prowadzenia szkole\u0144 oraz warsztatach rozwijaj\u0105cych r\u00f3\u017cne umiej\u0119tno\u015bci.<\/p>\n","protected":false},"excerpt":{"rendered":"<p>W lutym 1945 roku Komendant Chor\u0105gwi Harcerzy powo\u0142a\u0142 Hufiec \u0141\u00f3d\u017a-P\u00f3\u0142noc, kt\u00f3ry obejmowa\u0142 dzielnic\u0119 Ba\u0142uty i przyleg\u0142e tereny wchodz\u0105ce w sk\u0142ad dzielnic \u015ar\u00f3dmie\u015bcie i Polesie &#8211; od tego momentu zaczyna si\u0119 nasza historia. Pierwszym komendantem Hufca by\u0142 Marian Pietrzycki, instruktor II \u0141DH-rzy. 25 stycznia 1957 roku zosta\u0142a powo\u0142ana Komenda Hufca \u0141\u00f3d\u017a-Ba\u0142uty. [&hellip;]<\/p>\n","protected":false},"author":10,"featured_media":0,"parent":0,"menu_order":1,"comment_status":"open","ping_status":"open","template":"","meta":[],"_links":{"self":[{"href":"https:\/\/lodzbaluty.zhp.pl\/index.php?rest_route=\/wp\/v2\/pages\/37"}],"collection":[{"href":"https:\/\/lodzbaluty.zhp.pl\/index.php?rest_route=\/wp\/v2\/pages"}],"about":[{"href":"https:\/\/lodzbaluty.zhp.pl\/index.php?rest_route=\/wp\/v2\/types\/page"}],"author":[{"embeddable":true,"href":"https:\/\/lodzbaluty.zhp.pl\/index.php?rest_route=\/wp\/v2\/users\/10"}],"replies":[{"embeddable":true,"href":"https:\/\/lodzbaluty.zhp.pl\/index.php?rest_route=%2Fwp%2Fv2%2Fcomments&post=37"}],"version-history":[{"count":9,"href":"https:\/\/lodzbaluty.zhp.pl\/index.php?rest_route=\/wp\/v2\/pages\/37\/revisions"}],"predecessor-version":[{"id":2634,"href":"https:\/\/lodzbaluty.zhp.pl\/index.php?rest_route=\/wp\/v2\/pages\/37\/revisions\/2634"}],"wp:attachment":[{"href":"https:\/\/lodzbaluty.zhp.pl\/index.php?rest_route=%2Fwp%2Fv2%2Fmedia&parent=37"}],"curies":[{"name":"wp","href":"https:\/\/api.w.org\/{rel}","templated":true}]}}